t o(n) = -3*d(n) - 2*w(n). Let s be o(4). What is the highest common factor of s and 1?
1
Let g(o) = -o**3 + 17*o**2 - 16*o + 4. Let i be g(16). Suppose i*d - 4 = 36. Calculate the highest common divisor of d and 110.
10
Let h(k) = 20*k + 15. Let f be h(9). Let q be (-6)/(-4) - 600/(-16). What is the highest common divisor of f and q?
39
Suppose 4*p - 18 = -2*v + v, -4*v + 5*p + 114 = 0. Let a = -527 - -735. What is the greatest common divisor of v and a?
26
Suppose -60*k + 225 = -55*k. Suppose -j - 4*j = -k. Let h be (-295)/(-11) + 2/11. Calculate the highest common divisor of j and h.
9
Suppose 4*m = -3*u - 7, m - 5*u - 33 = -3*m. Let h be -1*(-3)/(-8) + (-7935)/(-552). Calculate the highest common factor of h and m.
2
Let g(r) = 2*r**2 - 3*r. Let x be g(2). Let s(z) = z + 24. Let v be s(-17). Let b = 17 - v. Calculate the greatest common divisor of x and b.
2
Suppose 0 = -4*w - 2*y + 248, -5*w - 2*y + 150 + 162 = 0. Suppose -1 = -5*b + w. What is the highest common factor of b and 13?
13
Let v(r) = 5*r + 2. Let p be v(6). Suppose -2*h - 2*x + p = -96, 4*x = 2*h - 104. Suppose 159 = -27*l + 564. Calculate the greatest common divisor of h and l.
15
Suppose -24 = -4*d - 4. Suppose -102 = -d*r + 3. What is the highest common divisor of r and 14?
7
Let s(t) = -2*t**3 - 9*t**2 - 4*t + 3. Let i be s(-10). What is the highest common divisor of i and 9?
9
Let q be -2 + -1 + -25 + 28. Let h(y) be the first derivative of y**3/3 - y**2/2 + 15*y + 1. Let p be h(q). What is the highest common divisor of 3 and p?
3
Let t = -73 + 87. What is the greatest common factor of 56 and t?
14
Let d = -750 + 855. Let n(x) = -x**2 + 4 - 4*x - 3*x + 1. Let g be n(-5). What is the greatest common divisor of d and g?
15
Suppose 7*y - 105 = 287. Calculate the highest common factor of y and 28.
28
Let f be (-206 + 2)*(-8 + 5 + 1). Calculate the highest common factor of f and 120.
24
Suppose -5*u + 5*k - 2104 = -524, -k = 1. Let c = -225 - u. What is the greatest common divisor of 23 and c?
23
Let t be 3 + 0 - 1*-166. Let y = -61 + t. What is the highest common divisor of y and 36?
36
Let k = -3 + 2. Let h be 72 + (1 - (k - -2)). Let v = 362 + -344. Calculate the greatest common divisor of h and v.
18
Let f(c) = 33*c**3 + 4*c**2 - 4*c + 3. Let r be f(2). Suppose -r = 63*i - 64*i. Suppose 125 = h + 4*h. Calculate the highest common divisor of h and i.
25
Suppose 5*m - 103*x = -99*x + 111, 4*m - 4*x = 88. What is the highest common divisor of m and 437?
23
Let h(d) = -d**3 - 6*d**2 + 6*d + 5. Let r be h(-7). Suppose 0 = -8*m + 744 + 408. Calculate the greatest common factor of m and r.
12
Suppose -2*y = 5*v - 51 - 17, -48 = -5*v + 3*y. Let r be 6/v*10*64/10. What is the greatest common factor of 128 and r?
32
Let j(c) = -2*c - 15. Let q be j(-9). Let f be 1152/540 - q*2/45. Let p be 2/7 + (-38)/(-14). Calculate the greatest common divisor of f and p.
1
Let s(y) = 2*y**3 + 30*y**2 + 28*y + 40. Let h be s(-14). Calculate the greatest common divisor of h and 104.
8
Let d be (22*14/(-4))/(-1). Let s = -20 + 49. Suppose 4*j - d = -s. What is the greatest common factor of j and 8?
4
Let n(i) = 4*i**2 - 18*i - 1. Let l be n(-8). Suppose -5*w = -8*w + l. Calculate the highest common divisor of w and 19.
19
Let k be ((-42)/(-9) - 3)*3. Suppose -2*r - 2*d - 180 = -k*r, 2*r - 130 = -2*d. Let b = r - 27. Calculate the greatest common factor of b and 35.
35
Let j(w) = -w**2 + 18*w + 26. Let q be j(19). Suppose -9*c - 98 + 287 = 0. What is the greatest common factor of c and q?
7
Let q(m) = 10 + m**2 + 2*m + 0*m**3 - m**3 - 2*m**2. Let w be q(0). Suppose 0 = 3*y - 13 - 47. What is the greatest common divisor of w and y?
10
Let m be (-98)/(-3) + 2/6. Let v = m + 92. Calculate the greatest common divisor of 50 and v.
25
Let j = -176 - -191. Calculate the greatest common factor of 135 and j.
15
Let y(v) = v**3 - 9*v**2 + 10*v - 9. Let o be y(8). Let x = -12 + o. Let d = 7 + x. What is the highest common divisor of 16 and d?
2
Let w(r) = 70*r**3 + r**2 + r. Let l be w(2). Suppose 4*a - l = 3*m, 278 = 2*a - 2*m + 3*m. Let x = 10 - -10. What is the highest common divisor of x and a?
20
Suppose -1 = -d + 1. Suppose -d*g = -4*g. Suppose 57 = z + t, g = z - 0*z - t - 57. Calculate the highest common divisor of 38 and z.
19
Suppose -s + 1 + 3 = 0. Let m = s - 0. Suppose 2*h = m*j + 5*h - 67, -2*h + 32 = 2*j. Calculate the highest common divisor of j and 95.
19
Let z(g) = 25*g**2 + 12*g - 22. Let s be z(6). Calculate the greatest common divisor of s and 95.
95
Let y = 3459 + -3435. Suppose 4*c + 1 = -3. Let s be -1 + c + 193 + 1. What is the greatest common factor of y and s?
24
Let t(d) = d**2 - 6*d - 4. Let b(q) = -q**3 - q**2 + 5*q + 4. Let o be b(-3). Let m be t(o). Let k = 65 - 32. Calculate the greatest common factor of m and k.
3
Let v be 439 + (-6)/39 + (-603)/(-117). What is the greatest common factor of v and 12?
12
Let t(j) = -4*j**3 + 5*j**2 - 6*j. Let o(g) = g**3 + g. Let w(y) = -3*o(y) - t(y). Let x be w(5). Calculate the highest common divisor of 5 and x.
5
Let k be 909 + 9*(-6 + 7). What is the greatest common divisor of k and 27?
27
Suppose 16*w - 2116 = 1980. Calculate the highest common factor of 160 and w.
32
Let z be ((-46)/4)/((-1)/2). Let i = 327 - 304. What is the greatest common factor of z and i?
23
Let m(s) = 2*s**3 + 68*s**2 + 66*s + 36. Let j be m(-33). Calculate the highest common factor of j and 738.
18
Suppose -z + 49 = -2*b, 8*b = 11*b - 9. What is the highest common factor of 3520 and z?
55
Let f = -75 - -115. Calculate the highest common divisor of f and 8.
8
Suppose u + r = 5*r + 25, 40 = 4*u - 4*r. Let v be (3/(-2))/((-6)/8). Let o be v/(-1) + 0 - -37. Calculate the highest common factor of u and o.
5
Let r be ((-8)/(-6))/2 - (-30)/90. Let h be r - 4 - (-23 - 4). Calculate the greatest common divisor of h and 120.
24
Suppose 0 = -2*x + 5*x - 6. Suppose 32 = -x*n - 3*b + 75, 4*b = 2*n - 36. What is the greatest common factor of n and 5?
5
Suppose c + 2*t = 26, 0 = 2*c - 6*t + 5*t - 57. Calculate the greatest common factor of c and 1750.
14
Suppose m - 2*q - 34 = 0, -6*q = -4*m - 2*q + 136. Let i = m + -20. Suppose 0 = -0*v + v - 42. What is the highest common factor of i and v?
14
Let o = 826 - 706. What is the highest common factor of 192 and o?
24
Let r(x) = -29*x + 8*x + 2 + 6*x + 4*x. Let j be r(-6). Calculate the highest common divisor of j and 34.
34
Suppose -5*o + 22 = -2*m, -3*o + 12 = 4*m + 4. Let x be -1 + 14 - (0 + 1). What is the highest common divisor of o and x?
4
Let g = -115 - -215. Suppose -10*l = -6*l - g. Suppose -4*a + 7 = -l. Calculate the highest common divisor of a and 2.
2
Let o = -15 - -19. Suppose -4*u - 27 = 2*l - 179, 0 = -o*l - 16. Calculate the greatest common divisor of u and 32.
8
Let w = -59 + 64. Suppose 261 = 4*g + 3*c, -3*c = -w*g + c + 303. Calculate the highest common factor of 9 and g.
9
Let g(t) = t**3 - 18*t**2 + 23*t + 51. Let i be g(17). Calculate the greatest common divisor of 34 and i.
17
Suppose -17*c - 5*i = -14*c - 160, 250 = 5*c + 5*i. What is the greatest common divisor of c and 18?
9
Suppose -x + 15 = 4*x, -4*c = -x - 1. Let a = 47 - c. Suppose -575 = -5*q - 0*q - 3*w, -3*w = 4*q - 460. What is the highest common divisor of q and a?
23
Let s(y) = y**3 + 6*y**2 + 4*y - 15. Let b be s(-5). Let k be 531/15 - (-4)/b. Calculate the greatest common factor of k and 315.
35
Let d = -83 - -104. Calculate the highest common divisor of d and 6.
3
Suppose 2*o = -y + 14, -3*o - 24 - 25 = -2*y. Let v be (-4)/(-6) - 538/(-3). Suppose -v = -2*p - 4*p. What is the greatest common factor of y and p?
10
Suppose 95*t = 246 + 134. What is the highest common factor of t and 306?
2
Suppose -4*l + 98 = j, -3*j + 0*j - 5*l = -259. Let o = j + -67. Calculate the greatest common divisor of 11 and o.
11
Let a(f) = 2*f**2 + 28*f - 112. Let g be a(-32). What is the greatest common factor of 26 and g?
26
Suppose -11 = -4*m + 61. Calculate the highest common divisor of 18 and m.
18
Let k(m) = m**3 - 2*m - 1. Let i be k(2). Suppose 0 = 2*y - i*y + 135. Calculate the greatest common divisor of 15 and y.
15
Let k be (-21)/(-56) - (-138)/16. Let t = k + 31. Calculate the highest common divisor of t and 20.
20
Let s(h) = -7*h - 39. Let m be s(-2